{"id":1248,"date":"2014-10-16T16:40:19","date_gmt":"2014-10-16T14:40:19","guid":{"rendered":"http:\/\/new.atmf.org\/?page_id=1248"},"modified":"2026-03-10T16:57:52","modified_gmt":"2026-03-10T15:57:52","slug":"acceuil","status":"publish","type":"page","link":"https:\/\/www.atmf.org\/","title":{"rendered":"Accueil"},"content":{"rendered":"\n<div class=\"wp-block-columns is-layout-flex wp-container-core-columns-is-layout-9d6595d7 wp-block-columns-is-layout-flex\">\n<div class=\"wp-block-column is-layout-flow wp-block-column-is-layout-flow\"><\/div>\n<\/div>\n\n\n\n<div class=\"wp-block-query is-layout-flow wp-block-query-is-layout-flow\"><ul class=\"wp-block-post-template is-layout-flow wp-block-post-template-is-layout-flow\"><li class=\"wp-block-post post-8084 post type-post status-publish format-standard hentry category-maghreb category-solidarite-internationale tag-cndh tag-hirak tag-maroc tag-prisonniers-politiques tag-rif\">\n\n<div class=\"wp-block-columns alignwide is-layout-flex wp-container-core-columns-is-layout-9d6595d7 wp-block-columns-is-layout-flex\">\n<div class=\"wp-block-column is-layout-flow wp-block-column-is-layout-flow\" style=\"flex-basis:66.66%\"><\/div>\n\n\n\n<div class=\"wp-block-column is-layout-flow wp-block-column-is-layout-flow\" style=\"flex-basis:33.33%\"><h2 class=\"wp-block-post-title\"><a href=\"https:\/\/www.atmf.org\/?p=8084\" target=\"_self\" >Commentaires sur le rapport du Conseil National des Droits de l\u2019Homme (Maroc) \u00e0 propos du Hirak du Rif (Hirak Al-Rif)<\/a><\/h2>\n\n<div class=\"wp-block-post-excerpt\"><p class=\"wp-block-post-excerpt__excerpt\">1) Mot de l&rsquo;Association TAFRA 2) Mot de l&rsquo;ATMF 3)&nbsp;Contribution d\u2019Aboubakr Jama\u00ef : journaliste et universitaire 4) Le commentaire&nbsp;sur le rapport du Conseil National des Droits de l\u2019Homme (Maroc) \u00e0 propos du Hirak du Rif :&nbsp;en bas de l\u2019article (PDF) &hellip; Continue reading &rarr; <\/p><\/div><\/div>\n<\/div>\n\n<\/li><li class=\"wp-block-post post-8988 post type-post status-publish format-standard hentry category-non-classe\">\n\n<div class=\"wp-block-columns alignwide is-layout-flex wp-container-core-columns-is-layout-9d6595d7 wp-block-columns-is-layout-flex\">\n<div class=\"wp-block-column is-layout-flow wp-block-column-is-layout-flow\" style=\"flex-basis:66.66%\"><\/div>\n\n\n\n<div class=\"wp-block-column is-layout-flow wp-block-column-is-layout-flow\" style=\"flex-basis:33.33%\"><h2 class=\"wp-block-post-title\"><a href=\"https:\/\/www.atmf.org\/?p=8988\" target=\"_self\" >Libert\u00e9 pour le rappeur Souhaib Qabli \u201cAl-Hassel\u201d !<\/a><\/h2>\n\n<div class=\"wp-block-post-excerpt\"><p class=\"wp-block-post-excerpt__excerpt\">Libert\u00e9 pour tous les prisonniers politiques au Maroc ! L\u2019Association des Travailleurs Maghr\u00e9bins de France, l\u2019ATMF, exprime sa col\u00e8re et sa profonde indignation face \u00e0 l\u2019arrestation du jeune rappeur marocain Souhaib Qabli, dit Al-Hassel, 20 ans, interpell\u00e9 le 2 mars &hellip; Continue reading &rarr; <\/p><\/div><\/div>\n<\/div>\n\n<\/li><li class=\"wp-block-post post-8983 post type-post status-publish format-standard hentry category-communiques category-non-classe\">\n\n<div class=\"wp-block-columns alignwide is-layout-flex wp-container-core-columns-is-layout-9d6595d7 wp-block-columns-is-layout-flex\">\n<div class=\"wp-block-column is-layout-flow wp-block-column-is-layout-flow\" style=\"flex-basis:66.66%\"><\/div>\n\n\n\n<div class=\"wp-block-column is-layout-flow wp-block-column-is-layout-flow\" style=\"flex-basis:33.33%\"><h2 class=\"wp-block-post-title\"><a href=\"https:\/\/www.atmf.org\/?p=8983\" target=\"_self\" >\u00ab RESTE LA-BAS \u00bb :L\u2019ATMF d\u00e9nonce l\u2019insulte de trop et le m\u00e9pris syst\u00e9mique du gouvernement marocain<\/a><\/h2>\n\n<div class=\"wp-block-post-excerpt\"><p class=\"wp-block-post-excerpt__excerpt\">L&rsquo;Association des Travailleurs Maghr\u00e9bins de France (ATMF) d\u00e9nonce avec une profonde indignation les propos inqualifiables d&rsquo;un ministre du gouvernement marocain qui a os\u00e9 insulter des millions de Marocains du Monde. En affirmant avec arrogance que le retour des MRE au &hellip; Continue reading &rarr; <\/p><\/div><\/div>\n<\/div>\n\n<\/li><li class=\"wp-block-post post-8958 post type-post status-publish format-standard has-post-thumbnail hentry category-faire-un-don category-non-classe\">\n\n<div class=\"wp-block-columns alignwide is-layout-flex wp-container-core-columns-is-layout-9d6595d7 wp-block-columns-is-layout-flex\">\n<div class=\"wp-block-column is-layout-flow wp-block-column-is-layout-flow\" style=\"flex-basis:66.66%\"><figure class=\"wp-block-post-featured-image\"><a href=\"https:\/\/www.atmf.org\/?p=8958\" target=\"_self\"  ><img loading=\"lazy\" decoding=\"async\" width=\"580\" height=\"200\" src=\"https:\/\/www.atmf.org\/wp-content\/uploads\/2025\/12\/image-580x200.png\" class=\"attachment-post-thumbnail size-post-thumbnail wp-post-image\" alt=\"L&rsquo;ATMF a besoin de votre soutien\u00a0!\" style=\"object-fit:cover;\" data-wp-pid=\"8959\" nopin=\"nopin\" \/><\/a><\/figure><\/div>\n\n\n\n<div class=\"wp-block-column is-layout-flow wp-block-column-is-layout-flow\" style=\"flex-basis:33.33%\"><h2 class=\"wp-block-post-title\"><a href=\"https:\/\/www.atmf.org\/?p=8958\" target=\"_self\" >L&rsquo;ATMF a besoin de votre soutien\u00a0!<\/a><\/h2>\n\n<div class=\"wp-block-post-excerpt\"><p class=\"wp-block-post-excerpt__excerpt\">L&rsquo;ATMF, 44 ans d\u2019existence, 44 ans de luttes, 20 associations membres implant\u00e9es dans les quartiers populaires sur le territoire national , un pan d\u2019histoire d\u2019une association r\u00e9solument ancr\u00e9e dans ce qui fait sa raison d\u2019\u00eatre : -La d\u00e9fense de l\u2019\u00e9galit\u00e9 &hellip; Continue reading &rarr; <\/p><\/div><\/div>\n<\/div>\n\n<\/li><\/ul><\/div>\n\n\n\n<p><\/p>\n","protected":false},"excerpt":{"rendered":"","protected":false},"author":1,"featured_media":8959,"parent":0,"menu_order":0,"comment_status":"closed","ping_status":"closed","template":"","meta":{"ngg_post_thumbnail":0,"_monsterinsights_skip_tracking":false,"_monsterinsights_sitenote_active":false,"_monsterinsights_sitenote_note":"","_monsterinsights_sitenote_category":0,"footnotes":""},"class_list":["post-1248","page","type-page","status-publish","has-post-thumbnail","hentry"],"_links":{"self":[{"href":"https:\/\/www.atmf.org\/index.php?rest_route=\/wp\/v2\/pages\/1248","targetHints":{"allow":["GET"]}}],"collection":[{"href":"https:\/\/www.atmf.org\/index.php?rest_route=\/wp\/v2\/pages"}],"about":[{"href":"https:\/\/www.atmf.org\/index.php?rest_route=\/wp\/v2\/types\/page"}],"author":[{"embeddable":true,"href":"https:\/\/www.atmf.org\/index.php?rest_route=\/wp\/v2\/users\/1"}],"replies":[{"embeddable":true,"href":"https:\/\/www.atmf.org\/index.php?rest_route=%2Fwp%2Fv2%2Fcomments&post=1248"}],"version-history":[{"count":13,"href":"https:\/\/www.atmf.org\/index.php?rest_route=\/wp\/v2\/pages\/1248\/revisions"}],"predecessor-version":[{"id":8982,"href":"https:\/\/www.atmf.org\/index.php?rest_route=\/wp\/v2\/pages\/1248\/revisions\/8982"}],"wp:featuredmedia":[{"embeddable":true,"href":"https:\/\/www.atmf.org\/index.php?rest_route=\/wp\/v2\/media\/8959"}],"wp:attachment":[{"href":"https:\/\/www.atmf.org\/index.php?rest_route=%2Fwp%2Fv2%2Fmedia&parent=1248"}],"curies":[{"name":"wp","href":"https:\/\/api.w.org\/{rel}","templated":true}]}}

<div class="wp-block-columns is-layout-flex wp-container-core-columns-is-layout-9d6595d7 wp-block-columns-is-layout-flex">
<div class="wp-block-column is-layout-flow wp-block-column-is-layout-flow"></div>
</div>



<div class="wp-block-query is-layout-flow wp-block-query-is-layout-flow"><ul class="wp-block-post-template is-layout-flow wp-block-post-template-is-layout-flow"><li class="wp-block-post post-8084 post type-post status-publish format-standard hentry category-maghreb category-solidarite-internationale tag-cndh tag-hirak tag-maroc tag-prisonniers-politiques tag-rif">

<div class="wp-block-columns alignwide is-layout-flex wp-container-core-columns-is-layout-9d6595d7 wp-block-columns-is-layout-flex">
<div class="wp-block-column is-layout-flow wp-block-column-is-layout-flow" style="flex-basis:66.66%"></div>



<div class="wp-block-column is-layout-flow wp-block-column-is-layout-flow" style="flex-basis:33.33%"><h2 class="wp-block-post-title"><a href="https://www.atmf.org/?p=8084" target="_self" >Commentaires sur le rapport du Conseil National des Droits de l’Homme (Maroc) à propos du Hirak du Rif (Hirak Al-Rif)</a></h2>

<div class="wp-block-post-excerpt"><p class="wp-block-post-excerpt__excerpt">1) Mot de l&rsquo;Association TAFRA 2) Mot de l&rsquo;ATMF 3)&nbsp;Contribution d’Aboubakr Jamaï : journaliste et universitaire 4) Le commentaire&nbsp;sur le rapport du Conseil National des Droits de l’Homme (Maroc) à propos du Hirak du Rif :&nbsp;en bas de l’article (PDF) &hellip; Continue reading &rarr; </p></div></div>
</div>

</li><li class="wp-block-post post-8988 post type-post status-publish format-standard hentry category-non-classe">

<div class="wp-block-columns alignwide is-layout-flex wp-container-core-columns-is-layout-9d6595d7 wp-block-columns-is-layout-flex">
<div class="wp-block-column is-layout-flow wp-block-column-is-layout-flow" style="flex-basis:66.66%"></div>



<div class="wp-block-column is-layout-flow wp-block-column-is-layout-flow" style="flex-basis:33.33%"><h2 class="wp-block-post-title"><a href="https://www.atmf.org/?p=8988" target="_self" >Liberté pour le rappeur Souhaib Qabli “Al-Hassel” !</a></h2>

<div class="wp-block-post-excerpt"><p class="wp-block-post-excerpt__excerpt">Liberté pour tous les prisonniers politiques au Maroc ! L’Association des Travailleurs Maghrébins de France, l’ATMF, exprime sa colère et sa profonde indignation face à l’arrestation du jeune rappeur marocain Souhaib Qabli, dit Al-Hassel, 20 ans, interpellé le 2 mars &hellip; Continue reading &rarr; </p></div></div>
</div>

</li><li class="wp-block-post post-8983 post type-post status-publish format-standard hentry category-communiques category-non-classe">

<div class="wp-block-columns alignwide is-layout-flex wp-container-core-columns-is-layout-9d6595d7 wp-block-columns-is-layout-flex">
<div class="wp-block-column is-layout-flow wp-block-column-is-layout-flow" style="flex-basis:66.66%"></div>



<div class="wp-block-column is-layout-flow wp-block-column-is-layout-flow" style="flex-basis:33.33%"><h2 class="wp-block-post-title"><a href="https://www.atmf.org/?p=8983" target="_self" >« RESTE LA-BAS » :L’ATMF dénonce l’insulte de trop et le mépris systémique du gouvernement marocain</a></h2>

<div class="wp-block-post-excerpt"><p class="wp-block-post-excerpt__excerpt">L&rsquo;Association des Travailleurs Maghrébins de France (ATMF) dénonce avec une profonde indignation les propos inqualifiables d&rsquo;un ministre du gouvernement marocain qui a osé insulter des millions de Marocains du Monde. En affirmant avec arrogance que le retour des MRE au &hellip; Continue reading &rarr; </p></div></div>
</div>

</li><li class="wp-block-post post-8958 post type-post status-publish format-standard has-post-thumbnail hentry category-faire-un-don category-non-classe">

<div class="wp-block-columns alignwide is-layout-flex wp-container-core-columns-is-layout-9d6595d7 wp-block-columns-is-layout-flex">
<div class="wp-block-column is-layout-flow wp-block-column-is-layout-flow" style="flex-basis:66.66%"><figure class="wp-block-post-featured-image"><a href="https://www.atmf.org/?p=8958" target="_self"  ><img loading="lazy" decoding="async" width="580" height="200" src="https://www.atmf.org/wp-content/uploads/2025/12/image-580x200.png" class="attachment-post-thumbnail size-post-thumbnail wp-post-image" alt="L&rsquo;ATMF a besoin de votre soutien !" style="object-fit:cover;" data-wp-pid="8959" nopin="nopin" /></a></figure></div>



<div class="wp-block-column is-layout-flow wp-block-column-is-layout-flow" style="flex-basis:33.33%"><h2 class="wp-block-post-title"><a href="https://www.atmf.org/?p=8958" target="_self" >L&rsquo;ATMF a besoin de votre soutien !</a></h2>

<div class="wp-block-post-excerpt"><p class="wp-block-post-excerpt__excerpt">L&rsquo;ATMF, 44 ans d’existence, 44 ans de luttes, 20 associations membres implantées dans les quartiers populaires sur le territoire national , un pan d’histoire d’une association résolument ancrée dans ce qui fait sa raison d’être : -La défense de l’égalité &hellip; Continue reading &rarr; </p></div></div>
</div>

</li></ul></div>



<p></p>
